54. Let x = o + -308. Calculate m(x).
4
Let y(q) = -q**3 - 5*q**2 + 2*q + 4. Suppose 5 = m, 4*m - 21 = -2*h + m. Let n be (3 - (-1)/(-1)) + h + -43. Let v = -43 - n. Determine y(v).
-6
Let v(l) = 3*l**3 + 15*l**2 + 6*l - 20. Let b(j) = 19*j**3 + 92*j**2 + 36*j - 120. Let p(s) = 4*b(s) - 25*v(s). Give p(5).
-60
Let i(w) be the second derivative of -w**3/3 + 25*w**2/2 - 71*w. What is i(9)?
7
Let i(y) = 107*y**2 + 2*y + 49. Let j(w) = 18*w**2 + 1. Let x(n) = -i(n) + 6*j(n). What is x(-5)?
-8
Suppose -4*g - 5*z = 25, -2*g - 127*z + 122*z = 5. Let x(n) = 2*n**2 + 16*n - 23. Give x(g).
17
Let p(x) be the second derivative of x**5/20 + 7*x**4/12 + 2*x**3/3 - 2*x**2 - x. Suppose -481*w + 162 = -508*w. Determine p(w).
8
Let s be (60/21)/((-70)/245). Let i(v) = 4*v + 45. What is i(s)?
5
Let y = 17542 - 17558. Let c(p) = p**2 + 15*p - 19. Give c(y).
-3
Let j(f) = 44*f**2 + 92*f + 45. Let w(h) = 80*h**2 + 187*h + 93. Let t(o) = -11*j(o) + 6*w(o). What is t(28)?
7
Let w be (26/(-13))/(1/(-4)). Let q be 0*((-32)/8)/w. Let j(l) = l**2 - 2*l - 20. Calculate j(q).
-20
Let r(h) = 6*h + 96. Let w be (-14)/(-35) - 13/(390/492). What is r(w)?
0
Let u(f) be the second derivative of f**4/12 + 5*f**3/2 - 23*f**2/2 + f + 398. Let o be 126/(-8) - (-1)/(-4). Determine u(o).
-7
Suppose -18*i + 32 = -4. Suppose -i*f = -31 + 25. Let w(v) = v - 1. What is w(f)?
2
Suppose 36 = 3*f + 15*f. Let x(p) = -1 - 2*p**3 + 0*p**3 - 6*p**2 + 0*p**3 + p**3 + 21*p**f. What is x(15)?
-1
Let m(b) = -2*b - b**2 + 2*b - 6*b - 4. Suppose -32 - 10 = 6*z. Let g = z + 3. Calculate m(g).
4
Let k(x) = -1. Let w(u) = -u - 8. Let j(a) = -2*k(a) + w(a). Suppose -11*r - 3872 = -3729. Determine j(r).
7
Let b be (-6)/(-4)*2 - -4 - 3. Let c(k) = 443 + k**3 - 4*k - 899 + 454 - 3*k**2. Give c(b).
-2
Let j = -9 - -1. Let a(s) = -1405*s**2 - 58*s - 4. Let k(m) = -1104*m**2 - 46*m - 3. Let o(b) = -11*a(b) + 14*k(b). Calculate o(j).
-14
Let w(j) = -6*j - 5. Suppose -104 = 12*z - 4*s, -28*s + 23*s = -2*z - 13. Determine w(z).
49
Let v(n) = -n**3 + 2*n**2 + n + 1. Let a = -104 - -109. Suppose 0 = -a*o + 31 - 16. What is v(o)?
-5
Let n(p) = -2*p - 9. Suppose -4*v + 3*v - i = 2, -2*v + 2 = 5*i. Determine n(v).
-1
Suppose -5 = -2*f - 3. Suppose 0 = -5*p + 6 - f. Let c(l) = -l + l**2 + 1 + 0*l + 0*l. Determine c(p).
1
Let a(m) = -6*m**3 + 22*m**2 - 17*m + 19. Let u(s) = 5*s**3 - 21*s**2 + 17*s - 20. Let p(l) = 4*a(l) + 5*u(l). Suppose 0 = -93*n - 340 + 1828. Give p(n).
-8
Let i be (-6 + 148/24)/((-2)/(-3)). Let u(v) be the first derivative of -5/3*v**3 + i*v**4 + v**2 - 8 + 4*v. Give u(4).
-4
Let v(l) = l**3 + 4*l**2 - 4*l - 3. Let g = 5663 + -5668. What is v(g)?
-8
Let v(i) be the second derivative of i**3/6 + i**2 + 8*i + 2. Let d(p) = 3*p + 4. Let o(g) = -d(g) + 4*v(g). Calculate o(-8).
-4
Let d(u) be the first derivative of u**4/4 - 4*u**3/3 - 30*u**2 - 4*u - 1042. What is d(10)?
-4
Suppose 0 = 32*c - 33*c - 52. Let v be (-390)/c - (-1)/2. Let w(g) = -g**3 + 9*g**2 - 7*g - 3. Give w(v).
5
Let i(z) = -z**2 + 4*z + 7. Let t be i(4). Let v(u) = -t + 0 - u + 4. Suppose 0*g = g + 4. Give v(g).
1
Let o = 363 - 357. Suppose o*w + 52 = 10*w. Let n(r) = -r + 8. Give n(w).
-5
Let l(h) = -2*h - 1. Suppose -5*k - 4*i + 33 = -2*i, -k + 4*i + 11 = 0. Suppose -3*o - 23 = k. Calculate l(o).
19
Let r(d) = 4*d + 6. Suppose 5*l + 3*i = -22, -l - i = 3 + 3. Let c(s) = 4*s + 1. Let o be c(l). Give r(o).
-22
Let t be ((-4)/(-6) + -1)*-21. Let c(u) = 2*u**2 + 10 - t + 2*u - 3*u**2. Let i(z) = -z**3 - 4*z**2 + 21*z - 20. Let b be i(2). Give c(b).
-5
Let k(b) = 2*b + 1 + 3 + 3*b - 6*b. Suppose 140*i = 132*i + 104. Give k(i).
-9
Suppose -73*y + 348 = 14*y. Let p(d) be the second derivative of -1/2*d**3 - 1/2*d**y + 10*d + 0 + 7/2*d**2 - 1/20*d**5. Determine p(-5).
-3
Suppose 11*d - 344 - 19 = 0. Suppose -5*j = -2*q - d, 0*j + 5*q + 2 = j. Suppose -30 = -13*w + j*w. Let s(o) = o + 7. Give s(w).
12
Suppose -71 = h + 4*m - 56, h + 10*m = -33. Let z(t) be the third derivative of t**4/3 - t**3/3 - t**2. What is z(h)?
-26
Let n(m) = -5*m**3 - 14*m**2 - 6*m. Let i(s) = -s**3 - 4*s**2 + s + 1. Let x(y) = -3*i(y) + n(y). Determine x(0).
-3
Suppose u - 8*m = 21, 0 = u + 2*m - 54 + 63. Let k(t) = -t**3 - 4*t**2 + 2*t + 11. What is k(u)?
-4
Let h be (-15 + 16)/((-1)/3) - (10 - 14). Let f(r) = 51*r**2. What is f(h)?
51
Suppose -2109 = -185*w - 259. Let s(n) = n**3 - 10*n**2 + 2*n - 28. Calculate s(w).
-8
Let w = 3269 + -3268. Let p(x) = -2*x**3 - x**2. Give p(w).
-3
Let q(k) = 4*k**3 + 31*k**2 - 7*k + 9. Let x(i) = 36*i**2 - 43*i - 1. Let h be x(1). Calculate q(h).
1
Let d(s) = -26*s**2 + 2*s. Let m = -5340 - -5342. What is d(m)?
-100
Suppose 7*r - 4*r - 123 = 0. Let g = -31 + r. Suppose -5*z = 5*z - g. Let c(j) = -25*j**2 - 1. Give c(z).
-26
Let x(p) = -p**3 - 4*p**2 + 5*p. Suppose 3*z + 0 = 3*t - 30, -t - 2*z - 5 = 0. Let q be (8 + (1 - t))/(-1). Determine x(q).
-20
Let l(w) = -15 - 10*w + 9*w**2 - 4*w**2 - 4*w**2. Let r be l(11). Let x(g) = 5*g - 9. Let o(a) = 4*a - 8. Let c(z) = -6*o(z) + 5*x(z). Determine c(r).
-1
Let w(k) = -8*k + 62. Let p(b) = 41*b - 318. Let t(f) = -p(f) - 5*w(f). Suppose 2*o - 5 = 5*i - 24, -4*o = -i + 11. Determine t(i).
5
Let x(u) = -23*u**2 - 280*u + 3. Let z(s) = -24*s**2 - 350*s + 4. Let k(t) = -5*x(t) + 4*z(t). Determine k(-2).
77
Let k(n) = -22*n + 5*n**2 - 24*n - 21*n + 71*n + 0*n**2 - 3. Determine k(2).
25
Suppose -2*i - x = -5*x - 3734, -3*i + 4*x = -5601. Let f(b) = -932 + b - 929 + i. Give f(0).
6
Let g be 15/(-6)*12/(-15). Suppose g - 2 = 5*m. Let u(q) = -q**2 - 8*q + 5*q**2 - 3*q**2 - 3 + m. Calculate u(8).
-3
Suppose 20 = 8*u - 3*u. Let w(r) be the second derivative of r**4/24 - r**3/3 + 41*r**2/2 + 74*r. Let j(t) be the first derivative of w(t). What is j(u)?
2
Suppose -118 - 44 = 6*y. Let j be 3/27*-2*y. Let a(o) be the third derivative of o**5/60 - o**4/3 - o**3/2 + 8*o**2. Give a(j).
-15
Let p(q) = -23*q + 131. Let l be p(7). Let v = -37 - l. Let o(i) = i**3 + 8*i**2 + 2*i + 6. Calculate o(v).
41
Let a(r) = -r + 27. Let j = 376 + -342. Suppose -35*f = -j*f. Determine a(f).
27
Let d(f) = f**2 - 5*f - 6. Let o be (8/(-16))/(3/(-192)). Suppose -2*i = 2*x + 3*i - o, 2*i - 32 = -4*x. Determine d(x).
0
Suppose s - 51 = -2*s. Let c be ((-1)/2)/(s/(-102)). Let d(o) = 4*o**3 + 3*o - o**2 - 1 - 5*o**3 + o. Give d(c).
-25
Let x(u) = 30*u + 21. Let b(y) = 18*y + 20. Let o(h) = 3*b(h) - 2*x(h). Give o(4).
-6
Let q(l) = -2*l**2 - 38*l + 3. Let h(m) = -m**2 - 41*m + 3. Let z(j) = -2*h(j) + 3*q(j). Give z(-8).
3
Let u(n) = n**2 + 11*n - 34. Let v(g) = -g**2 - 8*g + 31. Let o(f) = 6*u(f) + 7*v(f). Give o(11).
2
Let r(a) = 98*a + 52. Let o(f) = 999*f + 519. Let d(y) = 5*o(y) - 51*r(y). Give d(-18).
-3
Let d(c) = -c**3 - c**2 + c. Let k(t) be the second derivative of -3*t**5/20 + t**4/12 + t**3/6 + t**2/2 - 6*t. Let y(s) = 2*d(s) - k(s). Give y(3).
2
Let x(h) = -5*h - 12. Let c(a) = 3*a + 5. Let n(b) = -5*c(b) - 2*x(b). Suppose 4*i + w + 5 = 26, -5*w - 39 = -4*i. Suppose 5*s = 16 - i. What is n(s)?
-11
Let w(a) be the third derivative of a**4/24 + 7*a**3/3 - a**2 + 317. What is w(-16)?
-2
Let c(f) be the first derivative of -3*f**4/4 + 4*f**3/3 - f**2/2 - 2*f - 629. Suppose -5 + 1 = -2*h. Calculate c(h).
-12
Let r(u) be the second derivative of 3*u + 2*u**2 - 1 + 1/6*u**3. Determine r(-4).
0
Let b(y) = -2*y**3 + 3*y**2 + 18*y. Suppose -x + 6 = -242*j + 244*j, 4*j - 26 = 5*x. What is b(j)?
-8
Suppose -83*l + h = -82*l, 0 = -4*l + 2*h + 2. Let r(q) = -63*q - 3. Calculate r(l).
-66
Let w(p) = -p**2 - 15*p + 88. Suppose 0 = -u + 3*v - 10 + 21, 15 = u - 5*v. Give w(u).
-12
Suppose 0 = -615*g + 439*g + 176. Let h(p) = p - 2 - 4*p**3 + 0*p**3 + 0*p**3. Determine h(g).
-5
Let c(u) be the first derivative of -u**4/4 + u**3/3 + 25*u**2/2 + 47*u - 6930. Calculate c(6).
17
Let z(q) be the third derivative of -q**6/120 - 9*q**5/20 - 13*q**4/12 - 3*q**3/2 + 699*q**2. Give z(-26).
-9
Let k(i) = -2*i**2 - 16*i + 15. Let x(s) = 14*s**2 + 52*s - 25. Let c be x(-4). Determine k(c).
-3
Suppose -21*f = 24*f - 7*f + 114. Let m(k) = -k. Let t(z) = z**2 + 4*z - 5. Let r(v) = -2*m(v) - t(v). Give r(f).
2
Let j(x) = -40*x**2 + 3*x - 83. Let p(t) = 27*t**2 - 2*t + 60. Let u(s) = 5*j(s) + 7*p(s). Calculate u(0).
5
Let q(a) = -441 + 4*a**2 + 423 -